{"id":1367,"date":"2019-04-03T14:30:59","date_gmt":"2019-04-03T14:30:59","guid":{"rendered":"https:\/\/www.sovedis.com\/?page_id=1367"},"modified":"2019-04-03T14:30:59","modified_gmt":"2019-04-03T14:30:59","slug":"politique-de-confidentialite-2","status":"publish","type":"page","link":"https:\/\/www.sovedis.pro\/index.php\/politique-de-confidentialite-2\/","title":{"rendered":"Politique de confidentialit\u00e9"},"content":{"rendered":"<p>[vc_row css=&#8221;.vc_custom_1554363498097{margin-top: 5% !important;margin-bottom: 5% !important;}&#8221;][vc_column][vc_column_text]<\/p>\n<h3>Qui sommes-nous\u00a0?<\/h3>\n<p><!-- \/wp:post-content -->Le pr\u00e9sent site Web est\u00a0: https:\/\/<strong>www.sovedis.com<\/strong> est la propri\u00e9t\u00e9 de la soci\u00e9t\u00e9 <strong>SOVEDIS SAS<\/strong> au capital de 37.500 euros, inscrite au registre du commerce et des soci\u00e9t\u00e9s sous le num\u00e9ro SIRET32308816100050.<\/p>\n<p><strong>Si\u00e8ge social :<\/strong><br \/>61 avenue de Strasbourg &#8211;\u00a0 93130 Noisy-le-Sec<\/p>\n<p><strong>Directeur de la publication :<\/strong><br \/>M. Ga\u00ebtan DA FONSECA.<!-- wp:paragraph --><\/p>\n<!-- \/wp:paragraph -->\n<h3>\u00a0<\/h3>\n<h3>Utilisation des donn\u00e9es personnelles collect\u00e9es<\/h3>\n<!-- \/wp:heading -->\n<p>&nbsp;<\/p>\n<!-- wp:heading {\"level\":3} -->\n<h3>Commentaires<\/h3>\n<!-- \/wp:heading -->\n<p><!-- wp:paragraph -->Quand vous laissez un commentaire sur notre site web, les donn\u00e9es inscrites dans le formulaire de commentaire, mais aussi votre adresse IP et l\u2019agent utilisateur de votre navigateur sont collect\u00e9s pour nous aider \u00e0 la d\u00e9tection des commentaires ind\u00e9sirables.<\/p>\n<!-- \/wp:paragraph -->\n<p><!-- wp:paragraph -->Une cha\u00eene anonymis\u00e9e cr\u00e9\u00e9e \u00e0 partir de votre adresse de messagerie (\u00e9galement appel\u00e9e hash) peut \u00eatre envoy\u00e9e au service Gravatar pour v\u00e9rifier si vous utilisez ce dernier. Les clauses de confidentialit\u00e9 du service Gravatar sont disponibles ici\u00a0: https:\/\/automattic.com\/privacy\/. Apr\u00e8s validation de votre commentaire, votre photo de profil sera visible publiquement \u00e0 cot\u00e9 de votre commentaire.<\/p>\n<!-- \/wp:paragraph -->\n<p>&nbsp;<\/p>\n<!-- wp:heading {\"level\":3} --><!-- \/wp:paragraph -->\n<p>&nbsp;<\/p>\n<!-- wp:heading {\"level\":3} -->\n<h3>Formulaires de contact<\/h3>\n<!-- \/wp:heading -->\n<p>&nbsp;<\/p>\n<!-- wp:heading {\"level\":3} -->\n<h3>Cookies<\/h3>\n<!-- \/wp:heading -->\n<p><!-- wp:paragraph -->Si vous d\u00e9posez un commentaire sur notre site, il vous sera propos\u00e9 d\u2019enregistrer votre nom, adresse de messagerie et site web dans des cookies. C\u2019est uniquement pour votre confort afin de ne pas avoir \u00e0 saisir ces informations si vous d\u00e9posez un autre commentaire plus tard. Ces cookies expirent au bout d\u2019un an.<\/p>\n<!-- \/wp:paragraph -->\n<p><!-- wp:paragraph -->Si vous avez un compte et que vous vous connectez sur ce site, un cookie temporaire sera cr\u00e9\u00e9 afin de d\u00e9terminer si votre navigateur accepte les cookies. Il ne contient pas de donn\u00e9es personnelles et sera supprim\u00e9 automatiquement \u00e0 la fermeture de votre navigateur.<\/p>\n<!-- \/wp:paragraph -->\n<p><!-- wp:paragraph -->Lorsque vous vous connecterez, nous mettrons en place un certain nombre de cookies pour enregistrer vos informations de connexion et vos pr\u00e9f\u00e9rences d\u2019\u00e9cran. La dur\u00e9e de vie d\u2019un cookie de connexion est de deux jours, celle d\u2019un cookie d\u2019option d\u2019\u00e9cran est d\u2019un an. Si vous cochez \u00ab\u00a0Se souvenir de moi\u00a0\u00bb, votre cookie de connexion sera conserv\u00e9 pendant deux semaines. Si vous vous d\u00e9connectez de votre compte, le cookie de connexion sera effac\u00e9.<\/p>\n<!-- \/wp:paragraph -->\n<p><!-- wp:paragraph -->En modifiant ou en publiant une publication, un cookie suppl\u00e9mentaire sera enregistr\u00e9 dans votre navigateur. Ce cookie ne comprend aucune donn\u00e9e personnelle. Il indique simplement l\u2019ID de la publication que vous venez de modifier. Il expire au bout d\u2019un jour.<\/p>\n<p>&nbsp;<\/p>\n<h3>Formulaires de contact<\/h3>\n<p>Les informations recueillies sur le formulaire de demande de documentation du site internet <a href=\"https:\/\/www.sovedis.com\"><strong>www.sovedis.com<\/strong><\/a> sont envoy\u00e9es par e-mail pour r\u00e9pondre \u00e0 votre demande et r\u00e9aliser des propositions commerciales. L\u2019utilisateur fournit ces informations en toute connaissance de cause, notamment lorsqu\u2019il proc\u00e8de par lui-m\u00eame \u00e0 leur saisie.\u2028Ces informations sont envoy\u00e9es par le protocole https sous un certificat SSL permettant de prot\u00e9ger les informations lors de leur envoi. Elles sont conserv\u00e9es pendant 3 an et sont destin\u00e9es \u00e0 M. Ga\u00ebtan DA FONSECA.<\/p>\n<p><strong>Ces donn\u00e9es sont les suivantes :<\/strong><br \/>&#8211; Nom<br \/>&#8211; E-mail<br \/>&#8211; Nom de l&#8217;entreprise<br \/>&#8211; Nombre de personnes<br \/>&#8211; Adresse compl\u00e8te<br \/>&#8211; T\u00e9l\u00e9phone<br \/>&#8211; Message libre dans lequel d\u2019autres donn\u00e9es personnelles pourraient \u00eatre renseign\u00e9es par l\u2019utilisateur.<!-- \/wp:paragraph --><\/p>\n<!-- wp:heading {\"level\":3} -->\n<h3>\u00a0<\/h3>\n<h3>Contenu embarqu\u00e9 depuis d\u2019autres sites<\/h3>\n<!-- \/wp:heading -->\n<p><!-- wp:paragraph -->Les articles de ce site peuvent inclure des contenus int\u00e9gr\u00e9s (par exemple des vid\u00e9os, images, articles\u2026). Le contenu int\u00e9gr\u00e9 depuis d\u2019autres sites se comporte de la m\u00eame mani\u00e8re que si le visiteur se rendait sur cet autre site.<\/p>\n<!-- \/wp:paragraph -->\n<p><!-- wp:paragraph -->Ces sites web pourraient collecter des donn\u00e9es sur vous, utiliser des cookies, embarquer des outils de suivis tiers, suivre vos interactions avec ces contenus embarqu\u00e9s si vous disposez d\u2019un compte connect\u00e9 sur leur site web.<\/p>\n<!-- \/wp:paragraph -->\n<p>&nbsp;<\/p>\n<!-- wp:heading {\"level\":3} -->\n<h3>Statistiques et mesures d\u2019audience<\/h3>\n<p><!-- \/wp:heading -->La navigation sur le site <strong>www.sovedis.com<\/strong> est susceptible de provoquer l\u2019installation de cookie(s) sur l\u2019ordinateur de l\u2019utilisateur. Un cookie est un fichier de petite taille, qui ne permet pas l\u2019identification de l\u2019utilisateur, mais qui enregistre des informations relatives \u00e0 la navigation d\u2019un ordinateur sur un site. Nous collectons ainsi de mani\u00e8re automatique certaines informations vous concernant lors d\u2019une simple navigation sur notre site Internet, notamment : des informations concernant l\u2019utilisation de notre site, comme les zones que vous visitez et les services auxquels vous acc\u00e9dez, votre adresse IP, le type de votre navigateur, vos temps d\u2019acc\u00e8s. De telles informations sont utilis\u00e9es exclusivement \u00e0 des fins de statistiques internes et de s\u00e9curit\u00e9 du site <strong>www.sovedis.com<\/strong>, ou pour am\u00e9liorer la qualit\u00e9 des services qui vous sont propos\u00e9s.<\/p>\n<!-- wp:heading -->\n<h3>\u00a0<\/h3>\n<h3>Utilisation et transmission de vos donn\u00e9es personnelles<\/h3>\n<p><!-- \/wp:heading -->Les donn\u00e9es fournies sont uniquement stock\u00e9es sur la boite e-mail de la soci\u00e9t\u00e9 qui r\u00e9ceptionne les mails via les formulaires du site, ainsi que dans un fichier Excel sur les ordinateurs du service qui conserve les donn\u00e9es. Les appareils o\u00f9 ces donn\u00e9es sont accessibles (t\u00e9l\u00e9phones mobiles et ordinateurs) sont prot\u00e9g\u00e9s par un mot de passe.<br \/>Dans tous les cas, l\u2019utilisateur peut refuser de fournir ses donn\u00e9es personnelles. Dans ce cas, il ne pourra pas utiliser les services du site, ni solliciter de renseignements sur ces services.<br \/>Aucune information personnelle de l\u2019utilisateur du site <strong>www.sovedis.com<\/strong> n\u2019est publi\u00e9e \u00e0 l\u2019insu de l\u2019utilisateur, \u00e9chang\u00e9e, transf\u00e9r\u00e9e, c\u00e9d\u00e9e ou vendue sur un support quelconque \u00e0 des tiers. Seule l\u2019hypoth\u00e8se du rachat du site <strong>www.sovedis.com<\/strong> et de la soci\u00e9t\u00e9 S<strong>OVEDIS SAS<\/strong> et de ses droits permettrait la transmission des dites informations \u00e0 l\u2019\u00e9ventuel acqu\u00e9reur qui serait \u00e0 son tour tenu de la m\u00eame obligation de conservation et de modification des donn\u00e9es vis \u00e0 vis de l\u2019utilisateur du site <strong>www.sovedis.com.<\/strong><\/p>\n<!-- wp:heading -->\n<h3>\u00a0<\/h3>\n<h3>Dur\u00e9es de stockage de vos donn\u00e9es<\/h3>\n<!-- \/wp:heading -->\n<p><!-- wp:paragraph -->Si vous laissez un commentaire, le commentaire et ses m\u00e9tadonn\u00e9es sont conserv\u00e9s ind\u00e9finiment. Cela permet de reconna\u00eetre et approuver automatiquement les commentaires suivants au lieu de les laisser dans la file de mod\u00e9ration.<\/p>\n<!-- \/wp:paragraph -->\n<p><!-- wp:paragraph -->Pour les utilisateurs et utilisatrices qui s\u2019enregistrent sur notre site (si cela est possible), nous stockons \u00e9galement les donn\u00e9es personnelles indiqu\u00e9es dans leur profil. Tous les utilisateurs et utilisatrices peuvent voir, modifier ou supprimer leurs informations personnelles \u00e0 tout moment (\u00e0 l\u2019exception de leur nom d\u2019utilisateur\u00b7ice). Les gestionnaires du site peuvent aussi voir et modifier ces informations.<\/p>\n<!-- \/wp:paragraph -->\n<p>&nbsp;<\/p>\n<!-- wp:heading -->\n<h3>Les droits que vous avez sur vos donn\u00e9es<\/h3>\n<!-- \/wp:heading -->\n<p><!-- wp:paragraph -->Si vous avez un compte ou si vous avez laiss\u00e9 des commentaires sur le site, vous pouvez demander \u00e0 recevoir un fichier contenant toutes les donn\u00e9es personnelles que nous poss\u00e9dons \u00e0 votre sujet, incluant celles que vous nous avez fournies. Vous pouvez \u00e9galement demander la suppression des donn\u00e9es personnelles vous concernant. Cela ne prend pas en compte les donn\u00e9es stock\u00e9es \u00e0 des fins administratives, l\u00e9gales ou pour des raisons de s\u00e9curit\u00e9.<br \/>Conform\u00e9ment \u00e0 la loi \u00ab informatique et libert\u00e9s \u00bb, tout utilisateur dispose d\u2019un droit d\u2019acc\u00e8s, de rectification et d\u2019opposition aux donn\u00e9es personnelles le concernant en contactant : La personne qui supprimera ou modifiera les donn\u00e9es clients par mail par la page<a href=\"\/contact\/\"> contact<\/a><br \/>Informations suppl\u00e9mentaires<\/p>\n<h3>Comment nous prot\u00e9geons vos donn\u00e9es<\/h3>\n<p><strong>SOVEDIS<\/strong> a pris toutes pr\u00e9cautions utiles pour pr\u00e9server la s\u00e9curit\u00e9 des donn\u00e9es \u00e0 caract\u00e8re personnel et, notamment, emp\u00eacher qu\u2019elles soient d\u00e9form\u00e9es ou endommag\u00e9es ou que des tiers non autoris\u00e9s y aient acc\u00e8s.<br \/>Ces mesures sont notamment les suivantes :<\/p>\n<p>Pare-feu multi-niveaux,\u2028 Anti-virus de notori\u00e9t\u00e9 av\u00e9r\u00e9e et d\u00e9tection des tentatives d\u2019intrusion,\u2028 Transmission crypt\u00e9e des donn\u00e9es \u00e0 l\u2019aide de la technologie SSL\/https\/VPN<\/p>\n<h3>\u00a0<\/h3>\n<h3>Op\u00e9rations d\u2019envoi de Newsletter<\/h3>\n<p>L\u2019envoie de la Newsletter est confi\u00e9 \u00e0 Message Business qui est en conformit\u00e9 avec la nouvelle RGPD, voir leur page Politique de Confidentialit\u00e9 Protection des donn\u00e9es \u00e0 caract\u00e8re personnel.<br \/>L\u2019Utilisateur peut se d\u00e9sinscrire de la Newsletter de<strong> SOVEDIS<\/strong> ou des e-mails marketing en suivant les liens de d\u00e9sinscription figurant en bas de chacun de ces e-mails.<\/p>\n<p>[\/vc_column_text][\/vc_column][\/vc_row]<\/p>","protected":false},"excerpt":{"rendered":"<p>[vc_row css=&#8221;.vc_custom_1554363498097{margin-top: 5% !important;margin-bottom: 5% !important;}&#8221;][vc_column][vc_column_text] Qui sommes-nous\u00a0? Le pr\u00e9sent site Web est\u00a0: https:\/\/www.sovedis.com est la propri\u00e9t\u00e9 de la soci\u00e9t\u00e9 SOVEDIS SAS au capital de 37.500 euros, inscrite au registre du commerce et des soci\u00e9t\u00e9s sous le num\u00e9ro SIRET32308816100050. Si\u00e8ge social :61 avenue de Strasbourg &#8211;\u00a0 93130 Noisy-le-Sec Directeur de la publication :M. Ga\u00ebtan DA [&hellip;]<\/p>\n","protected":false},"author":1,"featured_media":0,"parent":0,"menu_order":0,"comment_status":"closed","ping_status":"closed","template":"","meta":{"_et_pb_use_builder":"","_et_pb_old_content":"","_et_gb_content_width":"","footnotes":""},"class_list":["post-1367","page","type-page","status-publish","hentry"],"_links":{"self":[{"href":"https:\/\/www.sovedis.pro\/index.php\/wp-json\/wp\/v2\/pages\/1367","targetHints":{"allow":["GET"]}}],"collection":[{"href":"https:\/\/www.sovedis.pro\/index.php\/wp-json\/wp\/v2\/pages"}],"about":[{"href":"https:\/\/www.sovedis.pro\/index.php\/wp-json\/wp\/v2\/types\/page"}],"author":[{"embeddable":true,"href":"https:\/\/www.sovedis.pro\/index.php\/wp-json\/wp\/v2\/users\/1"}],"replies":[{"embeddable":true,"href":"https:\/\/www.sovedis.pro\/index.php\/wp-json\/wp\/v2\/comments?post=1367"}],"version-history":[{"count":0,"href":"https:\/\/www.sovedis.pro\/index.php\/wp-json\/wp\/v2\/pages\/1367\/revisions"}],"wp:attachment":[{"href":"https:\/\/www.sovedis.pro\/index.php\/wp-json\/wp\/v2\/media?parent=1367"}],"curies":[{"name":"wp","href":"https:\/\/api.w.org\/{rel}","templated":true}]}}

Politique de confidentialité

<p>[vc_row css=&#8221;.vc_custom_1554363498097{margin-top: 5% !important;margin-bottom: 5% !important;}&#8221;][vc_column][vc_column_text]</p>
<h3>Qui sommes-nous ?</h3>
<p><!-- /wp:post-content -->Le présent site Web est : https://<strong>www.sovedis.com</strong> est la propriété de la société <strong>SOVEDIS SAS</strong> au capital de 37.500 euros, inscrite au registre du commerce et des sociétés sous le numéro SIRET32308816100050.</p>
<p><strong>Siège social :</strong><br />61 avenue de Strasbourg &#8211;  93130 Noisy-le-Sec</p>
<p><strong>Directeur de la publication :</strong><br />M. Gaëtan DA FONSECA.<!-- wp:paragraph --></p>
<!-- /wp:paragraph -->
<h3> </h3>
<h3>Utilisation des données personnelles collectées</h3>
<!-- /wp:heading -->
<p>&nbsp;</p>
<!-- wp:heading {"level":3} -->
<h3>Commentaires</h3>
<!-- /wp:heading -->
<p><!-- wp:paragraph -->Quand vous laissez un commentaire sur notre site web, les données inscrites dans le formulaire de commentaire, mais aussi votre adresse IP et l’agent utilisateur de votre navigateur sont collectés pour nous aider à la détection des commentaires indésirables.</p>
<!-- /wp:paragraph -->
<p><!-- wp:paragraph -->Une chaîne anonymisée créée à partir de votre adresse de messagerie (également appelée hash) peut être envoyée au service Gravatar pour vérifier si vous utilisez ce dernier. Les clauses de confidentialité du service Gravatar sont disponibles ici : https://automattic.com/privacy/. Après validation de votre commentaire, votre photo de profil sera visible publiquement à coté de votre commentaire.</p>
<!-- /wp:paragraph -->
<p>&nbsp;</p>
<!-- wp:heading {"level":3} --><!-- /wp:paragraph -->
<p>&nbsp;</p>
<!-- wp:heading {"level":3} -->
<h3>Formulaires de contact</h3>
<!-- /wp:heading -->
<p>&nbsp;</p>
<!-- wp:heading {"level":3} -->
<h3>Cookies</h3>
<!-- /wp:heading -->
<p><!-- wp:paragraph -->Si vous déposez un commentaire sur notre site, il vous sera proposé d’enregistrer votre nom, adresse de messagerie et site web dans des cookies. C’est uniquement pour votre confort afin de ne pas avoir à saisir ces informations si vous déposez un autre commentaire plus tard. Ces cookies expirent au bout d’un an.</p>
<!-- /wp:paragraph -->
<p><!-- wp:paragraph -->Si vous avez un compte et que vous vous connectez sur ce site, un cookie temporaire sera créé afin de déterminer si votre navigateur accepte les cookies. Il ne contient pas de données personnelles et sera supprimé automatiquement à la fermeture de votre navigateur.</p>
<!-- /wp:paragraph -->
<p><!-- wp:paragraph -->Lorsque vous vous connecterez, nous mettrons en place un certain nombre de cookies pour enregistrer vos informations de connexion et vos préférences d’écran. La durée de vie d’un cookie de connexion est de deux jours, celle d’un cookie d’option d’écran est d’un an. Si vous cochez « Se souvenir de moi », votre cookie de connexion sera conservé pendant deux semaines. Si vous vous déconnectez de votre compte, le cookie de connexion sera effacé.</p>
<!-- /wp:paragraph -->
<p><!-- wp:paragraph -->En modifiant ou en publiant une publication, un cookie supplémentaire sera enregistré dans votre navigateur. Ce cookie ne comprend aucune donnée personnelle. Il indique simplement l’ID de la publication que vous venez de modifier. Il expire au bout d’un jour.</p>
<p>&nbsp;</p>
<h3>Formulaires de contact</h3>
<p>Les informations recueillies sur le formulaire de demande de documentation du site internet <a href="https://www.sovedis.com"><strong>www.sovedis.com</strong></a> sont envoyées par e-mail pour répondre à votre demande et réaliser des propositions commerciales. L’utilisateur fournit ces informations en toute connaissance de cause, notamment lorsqu’il procède par lui-même à leur saisie. Ces informations sont envoyées par le protocole https sous un certificat SSL permettant de protéger les informations lors de leur envoi. Elles sont conservées pendant 3 an et sont destinées à M. Gaëtan DA FONSECA.</p>
<p><strong>Ces données sont les suivantes :</strong><br />&#8211; Nom<br />&#8211; E-mail<br />&#8211; Nom de l&#8217;entreprise<br />&#8211; Nombre de personnes<br />&#8211; Adresse complète<br />&#8211; Téléphone<br />&#8211; Message libre dans lequel d’autres données personnelles pourraient être renseignées par l’utilisateur.<!-- /wp:paragraph --></p>
<!-- wp:heading {"level":3} -->
<h3> </h3>
<h3>Contenu embarqué depuis d’autres sites</h3>
<!-- /wp:heading -->
<p><!-- wp:paragraph -->Les articles de ce site peuvent inclure des contenus intégrés (par exemple des vidéos, images, articles…). Le contenu intégré depuis d’autres sites se comporte de la même manière que si le visiteur se rendait sur cet autre site.</p>
<!-- /wp:paragraph -->
<p><!-- wp:paragraph -->Ces sites web pourraient collecter des données sur vous, utiliser des cookies, embarquer des outils de suivis tiers, suivre vos interactions avec ces contenus embarqués si vous disposez d’un compte connecté sur leur site web.</p>
<!-- /wp:paragraph -->
<p>&nbsp;</p>
<!-- wp:heading {"level":3} -->
<h3>Statistiques et mesures d’audience</h3>
<p><!-- /wp:heading -->La navigation sur le site <strong>www.sovedis.com</strong> est susceptible de provoquer l’installation de cookie(s) sur l’ordinateur de l’utilisateur. Un cookie est un fichier de petite taille, qui ne permet pas l’identification de l’utilisateur, mais qui enregistre des informations relatives à la navigation d’un ordinateur sur un site. Nous collectons ainsi de manière automatique certaines informations vous concernant lors d’une simple navigation sur notre site Internet, notamment : des informations concernant l’utilisation de notre site, comme les zones que vous visitez et les services auxquels vous accédez, votre adresse IP, le type de votre navigateur, vos temps d’accès. De telles informations sont utilisées exclusivement à des fins de statistiques internes et de sécurité du site <strong>www.sovedis.com</strong>, ou pour améliorer la qualité des services qui vous sont proposés.</p>
<!-- wp:heading -->
<h3> </h3>
<h3>Utilisation et transmission de vos données personnelles</h3>
<p><!-- /wp:heading -->Les données fournies sont uniquement stockées sur la boite e-mail de la société qui réceptionne les mails via les formulaires du site, ainsi que dans un fichier Excel sur les ordinateurs du service qui conserve les données. Les appareils où ces données sont accessibles (téléphones mobiles et ordinateurs) sont protégés par un mot de passe.<br />Dans tous les cas, l’utilisateur peut refuser de fournir ses données personnelles. Dans ce cas, il ne pourra pas utiliser les services du site, ni solliciter de renseignements sur ces services.<br />Aucune information personnelle de l’utilisateur du site <strong>www.sovedis.com</strong> n’est publiée à l’insu de l’utilisateur, échangée, transférée, cédée ou vendue sur un support quelconque à des tiers. Seule l’hypothèse du rachat du site <strong>www.sovedis.com</strong> et de la société S<strong>OVEDIS SAS</strong> et de ses droits permettrait la transmission des dites informations à l’éventuel acquéreur qui serait à son tour tenu de la même obligation de conservation et de modification des données vis à vis de l’utilisateur du site <strong>www.sovedis.com.</strong></p>
<!-- wp:heading -->
<h3> </h3>
<h3>Durées de stockage de vos données</h3>
<!-- /wp:heading -->
<p><!-- wp:paragraph -->Si vous laissez un commentaire, le commentaire et ses métadonnées sont conservés indéfiniment. Cela permet de reconnaître et approuver automatiquement les commentaires suivants au lieu de les laisser dans la file de modération.</p>
<!-- /wp:paragraph -->
<p><!-- wp:paragraph -->Pour les utilisateurs et utilisatrices qui s’enregistrent sur notre site (si cela est possible), nous stockons également les données personnelles indiquées dans leur profil. Tous les utilisateurs et utilisatrices peuvent voir, modifier ou supprimer leurs informations personnelles à tout moment (à l’exception de leur nom d’utilisateur·ice). Les gestionnaires du site peuvent aussi voir et modifier ces informations.</p>
<!-- /wp:paragraph -->
<p>&nbsp;</p>
<!-- wp:heading -->
<h3>Les droits que vous avez sur vos données</h3>
<!-- /wp:heading -->
<p><!-- wp:paragraph -->Si vous avez un compte ou si vous avez laissé des commentaires sur le site, vous pouvez demander à recevoir un fichier contenant toutes les données personnelles que nous possédons à votre sujet, incluant celles que vous nous avez fournies. Vous pouvez également demander la suppression des données personnelles vous concernant. Cela ne prend pas en compte les données stockées à des fins administratives, légales ou pour des raisons de sécurité.<br />Conformément à la loi « informatique et libertés », tout utilisateur dispose d’un droit d’accès, de rectification et d’opposition aux données personnelles le concernant en contactant : La personne qui supprimera ou modifiera les données clients par mail par la page<a href="/contact/"> contact</a><br />Informations supplémentaires</p>
<h3>Comment nous protégeons vos données</h3>
<p><strong>SOVEDIS</strong> a pris toutes précautions utiles pour préserver la sécurité des données à caractère personnel et, notamment, empêcher qu’elles soient déformées ou endommagées ou que des tiers non autorisés y aient accès.<br />Ces mesures sont notamment les suivantes :</p>
<p>Pare-feu multi-niveaux,  Anti-virus de notoriété avérée et détection des tentatives d’intrusion,  Transmission cryptée des données à l’aide de la technologie SSL/https/VPN</p>
<h3> </h3>
<h3>Opérations d’envoi de Newsletter</h3>
<p>L’envoie de la Newsletter est confié à Message Business qui est en conformité avec la nouvelle RGPD, voir leur page Politique de Confidentialité Protection des données à caractère personnel.<br />L’Utilisateur peut se désinscrire de la Newsletter de<strong> SOVEDIS</strong> ou des e-mails marketing en suivant les liens de désinscription figurant en bas de chacun de ces e-mails.</p>
<p>[/vc_column_text][/vc_column][/vc_row]</p>

<p>[vc_row css=&#8221;.vc_custom_1554363498097{margin-top: 5% !important;margin-bottom: 5% !important;}&#8221;][vc_column][vc_column_text] Qui sommes-nous ? Le présent site Web est : https://www.sovedis.com est la propriété de la société SOVEDIS SAS au capital de 37.500 euros, inscrite au registre du commerce et des sociétés sous le numéro SIRET32308816100050. Siège social :61 avenue de Strasbourg &#8211;  93130 Noisy-le-Sec Directeur de la publication :M. Gaëtan DA [&hellip;]</p>
