{"id":239,"date":"2017-10-09T14:28:50","date_gmt":"2017-10-09T14:28:50","guid":{"rendered":"http:\/\/www.sovedis.com\/?page_id=239"},"modified":"2017-10-09T14:28:50","modified_gmt":"2017-10-09T14:28:50","slug":"lavazza-blue","status":"publish","type":"page","link":"https:\/\/www.sovedis.pro\/index.php\/marques\/lavazza-blue\/","title":{"rendered":"Lavazza blue"},"content":{"rendered":"<p>[vc_row full_width=&#8221;stretch_row_content_no_spaces&#8221;][vc_column][vc_raw_html css=&#8221;.vc_custom_1544702651740{border-bottom-width: 1px !important;border-bottom-color: #d3d3d3 !important;border-bottom-style: solid !important;}&#8221;]JTNDc2VjdGlvbiUyMGNsYXNzJTNEJTIyc3NtZW51JTIyJTNFJTBBJTNDZGl2JTIwY2xhc3MlM0QlMjJjb250YWluZXIlMjIlM0UlMEElM0N1bCUzRSUwQSUyMCUwOSUzQ2xpJTNFJTNDYSUyMGNsYXNzJTNEJTIyYWN0aXZlJTIyJTIwdGl0bGUlM0QlMjIlMjIlMjBocmVmJTNEJTIyJTJGbWFycXVlcyUyRmxhdmF6emEtYmx1ZSUyRiUyMiUzRUxhdmF6emElMjBibHVlJTNDJTJGYSUzRSUzQyUyRmxpJTNFJTBBJTIwJTA5JTNDbGklM0UlM0NhJTIwdGl0bGUlM0QlMjIlMjIlMjBocmVmJTNEJTIyJTJGbWFycXVlcyUyRm5lY3RhJTJGJTIyJTNFbmVjdGElM0MlMkZhJTNFJTNDJTJGbGklM0UlMEElMjAlMDklM0NsaSUzRSUzQ2ElMjAlMjB0aXRsZSUzRCUyMiUyMiUyMGhyZWYlM0QlMjIlMkZtYXJxdWVzJTJGc2FlY28lMkYlMjIlM0VzYWVjbyUzQyUyRmElM0UlM0MlMkZsaSUzRSUwQSUyMCUwOSUzQ2xpJTNFJTNDYSUyMHRpdGxlJTNEJTIyJTIyJTIwaHJlZiUzRCUyMiUyRm1hcnF1ZXMlMkZtaXN0cmFsJTJGJTIyJTNFbWlzdHJhbCUzQyUyRmElM0UlM0MlMkZsaSUzRSUwQSUyMCUyMCUyMCUyMCUyMCUyMCUyMCUyMCUzQ2xpJTNFJTNDYSUyMHRpdGxlJTNEJTIyJTIyJTIwaHJlZiUzRCUyMiUyRm1hcnF1ZXMlMkZqb2ZlbWFyJTJGJTIyJTNFam9mZW1hciUzQyUyRmElM0UlM0MlMkZsaSUzRSUwQSUyMCUwOSUzQ2xpJTNFJTNDYSUyMHRpdGxlJTNEJTIyJTIyJTIwaHJlZiUzRCUyMiUyRm1hcnF1ZXMlMkZ0ZXJyYW1va2ElMkYlMjIlM0VUZXJyYW1va2ElM0MlMkZhJTNFJTNDJTJGbGklM0UlMEElM0MlMkZ1bCUzRSUwQSUzQyUyRmRpdiUzRSUwQSUzQyUyRnNlY3Rpb24lM0U=[\/vc_raw_html][\/vc_column][\/vc_row][vc_row][vc_column][vc_row_inner][vc_column_inner width=&#8221;1\/4&#8243;][vc_column_text]<\/p>\n<h1 style=\"text-align: left; font-size: 50px;\">LAVAZZA BLUE<\/h1>\n<p><strong>Lavazza blue<\/strong> fait aujourd&#8217;hui partie des plus grandes marques de caf\u00e9 au monde. Fond\u00e9e en 1895 \u00e0 Turin, elle reste le leader incontestable du march\u00e9 italien mais exporte aussi pr\u00e8s de la moiti\u00e9 de sa production&#8230; ce qui permet aujourd&#8217;hui \u00e0 Sovedis de vous proposer le meilleur du caf\u00e9 Lavazza.<\/p>\n<h3>Le caf\u00e9 Lavazza, entre tradition et innovation<\/h3>\n<p>La marque, g\u00e9r\u00e9e par la m\u00eame famille depuis quatre g\u00e9n\u00e9rations, perp\u00e9tue une vraie tradition du caf\u00e9 sans pour autant n\u00e9gliger la recherche de nouvelles saveurs et de nouvelles tendances !<\/p>\n<p>Les capsules <strong>Lavazza<\/strong>, pour un caf\u00e9 bien dos\u00e9 et facile \u00e0 pr\u00e9parer, existent ainsi depuis plus de 25 ans. La marque affirme aussi avoir \u00e9t\u00e9 la premi\u00e8re \u00e0 populariser les assemblages de caf\u00e9s\u00a0(les blends), qui m\u00ealent des grains de caf\u00e9 aux ar\u00f4mes diff\u00e9rents pour une exp\u00e9rience gustative plus intense.<\/p>\n<p>La pause-caf\u00e9, c&#8217;est du s\u00e9rieux ! Pas \u00e9tonnant, d\u00e8s lors, que <strong>Lavazza<\/strong> ait aussi fond\u00e9 un Centre de recherche sur le caf\u00e9&#8230; puis des &#8220;\u00e9coles du caf\u00e9&#8221;. Y apprend-on \u00e0 utiliser une machine \u00e0 caf\u00e9 <strong>Lavazza<\/strong>\u00a0? A choisir la capsule parfaite ? Presque ! Les barmans, restaurateurs et m\u00eame les simples amateurs de caf\u00e9 peuvent venir se former \u00e0 la pr\u00e9paration d&#8217;un bon caf\u00e9, d\u00e9couvrir comment bien utiliser une machine \u00e0 caf\u00e9 pour pr\u00e9parer un expresso inoubliable et apprendre les subtilit\u00e9s d&#8217;une d\u00e9gustation de caf\u00e9. Sacr\u00e9 programme, n&#8217;est-ce pas ?<\/p>\n<h3>Sovedis et Lavazza, une rencontre in\u00e9vitable<\/h3>\n<p>Si notre \u00e9quipe a choisi de vous proposer les machines \u00e0 caf\u00e9 <strong>Lavazza<\/strong>, c&#8217;est avant tout parce qu&#8217;elles offrent une qualit\u00e9 irr\u00e9prochable tout en s&#8217;adaptant parfaitement aux besoins des professionnels.<\/p>\n<p>Les machines \u00e0 caf\u00e9 \u00e0 capsules les plus compactes\u00a0conviendront avant tout aux petites entreprises&#8230; Performantes, peu encombrantes et design, elles sauront rester discr\u00e8tes. Elles se glisseront aussi sans peine dans un bureau. Pratique pour offrir un caf\u00e9 \u00e0 vos clients et prestataires lors de vos rendez-vous !<\/p>\n<p>Pour une entreprise plus grande&#8230; ou pour les gros buveurs de caf\u00e9 (promis, on ne dira rien !), la gamme de distributeurs automatiques de caf\u00e9 Lavazza\u00a0est un incontournable. Con\u00e7us pour une utilisation intensive, ces distributeurs permettent de proposer aux salari\u00e9s et visiteurs de l&#8217;entreprise une vraie carte de d\u00e9gustation incluant jusqu&#8217;\u00e0 12 saveurs de caf\u00e9 diff\u00e9rentes, en capsules ou en grains ! De quoi satisfaire les pr\u00e9f\u00e9rences de chacun tout en disposant d&#8217;une machine robuste.<\/p>\n<p>Vous l&#8217;aurez compris, ce n&#8217;est pas un hasard si <strong>Sovedis<\/strong> a choisi <strong>Lavazza<\/strong> !<\/p>\n<p>[\/vc_column_text][vc_column_text]<\/p>\n<div class=\"demande-devis\"><a title=\"Demandez un devis\" href=\"\/contact\/\">Demandez<br \/>\nun devis<\/a><\/div>\n<p>[\/vc_column_text][\/vc_column_inner][vc_column_inner width=&#8221;3\/4&#8243;][vc_basic_grid post_type=&#8221;page&#8221; max_items=&#8221;10&#8243; grid_id=&#8221;vc_gid:1544702642499-0ee3f406-57a9-10&#8243; taxonomies=&#8221;70, 92&#8243;][\/vc_column_inner][\/vc_row_inner][\/vc_column][\/vc_row][vc_row full_width=&#8221;stretch_row_content_no_spaces&#8221; content_placement=&#8221;top&#8221; css=&#8221;.vc_custom_1537959550111{padding-right: 3% !important;padding-bottom: 0% !important;padding-left: 5% !important;background-color: #e0e0e0 !important;}&#8221;][vc_column][vc_row_inner content_placement=&#8221;top&#8221; css=&#8221;.vc_custom_1536853698790{margin-top: 0px !important;padding-top: 0px !important;}&#8221;][vc_column_inner width=&#8221;1\/6&#8243;][vc_column_text css=&#8221;.vc_custom_1537960189687{margin-right: 0px !important;padding-right: 10px !important;}&#8221; el_class=&#8221;5bonnes&#8221;]<\/p>\n<div style=\"font-family: PT Sans Narrow; font-size: 1.6em; font-weight: 600; color: #425059 !important; line-height: 110% !important; text-align: right;\">5 BONNES RAISONS DE COMMANDER<\/div>\n<p>[\/vc_column_text][\/vc_column_inner][vc_column_inner width=&#8221;1\/6&#8243;][vc_column_text css=&#8221;.vc_custom_1537960157955{border-right-width: 1px !important;padding-top: 2% !important;border-right-color: #425059 !important;border-right-style: solid !important;}&#8221;]<\/p>\n<div style=\"text-align: center; font-family: PT Sans Narrow; font-size: 1.2em; font-weight: 600;\">GESTIONNAIRE DEPUIS<br \/>\n<span style=\"font-size: 2.5em; line-height: 120%;\">1981<\/span><\/div>\n<p>[\/vc_column_text][\/vc_column_inner][vc_column_inner width=&#8221;1\/6&#8243;][vc_column_text css=&#8221;.vc_custom_1537947451683{border-right-width: 1px !important;padding-top: 2% !important;border-right-color: #425059 !important;border-right-style: solid !important;}&#8221;]<\/p>\n<div style=\"text-align: center; font-family: PT Sans Narrow; font-size: 1.2em; font-weight: 600;\">LIVRAISON SOUS<br \/>\n<span style=\"font-size: 2.5em; line-height: 120%;\">24h<\/span><\/div>\n<p>[\/vc_column_text][\/vc_column_inner][vc_column_inner width=&#8221;1\/6&#8243;][vc_column_text css=&#8221;.vc_custom_1537947460018{border-right-width: 1px !important;padding-top: 2% !important;border-right-color: #425059 !important;border-right-style: solid !important;}&#8221;]<\/p>\n<div style=\"text-align: center; font-family: PT Sans Narrow; font-size: 1.2em; font-weight: 600;\">D\u00c9PANNAGE SOUS<br \/>\n<span style=\"font-size: 2.5em; line-height: 120%;\">24h<\/span><\/div>\n<p>[\/vc_column_text][\/vc_column_inner][vc_column_inner width=&#8221;1\/6&#8243;][vc_column_text css=&#8221;.vc_custom_1537947473197{border-right-width: 1px !important;padding-top: 2% !important;border-right-color: #425059 !important;border-right-style: solid !important;}&#8221;]<\/p>\n<div style=\"text-align: center; font-family: PT Sans Narrow; font-size: 1.2em; font-weight: 600;\">INSTALLATION<br \/>\n<span style=\"font-size: 2.5em; line-height: 120%;\">Gratuite<\/span><\/div>\n<p>[\/vc_column_text][\/vc_column_inner][vc_column_inner width=&#8221;1\/6&#8243;][vc_column_text css=&#8221;.vc_custom_1537947482979{padding-top: 2% !important;}&#8221;]<\/p>\n<div style=\"text-align: center; font-family: PT Sans Narrow; font-size: 1.2em; font-weight: 600;\">FORMATION<br \/>\n<span style=\"font-size: 2.5em; line-height: 120%;\">Offerte<\/span><\/div>\n<p>[\/vc_column_text][\/vc_column_inner][\/vc_row_inner][\/vc_column][\/vc_row]<\/p>\n","protected":false},"excerpt":{"rendered":"<p>[vc_row full_width=&#8221;stretch_row_content_no_spaces&#8221;][vc_column][vc_raw_html css=&#8221;.vc_custom_1544702651740{border-bottom-width: 1px !important;border-bottom-color: #d3d3d3 !important;border-bottom-style: solid !important;}&#8221;]JTNDc2VjdGlvbiUyMGNsYXNzJTNEJTIyc3NtZW51JTIyJTNFJTBBJTNDZGl2JTIwY2xhc3MlM0QlMjJjb250YWluZXIlMjIlM0UlMEElM0N1bCUzRSUwQSUyMCUwOSUzQ2xpJTNFJTNDYSUyMGNsYXNzJTNEJTIyYWN0aXZlJTIyJTIwdGl0bGUlM0QlMjIlMjIlMjBocmVmJTNEJTIyJTJGbWFycXVlcyUyRmxhdmF6emEtYmx1ZSUyRiUyMiUzRUxhdmF6emElMjBibHVlJTNDJTJGYSUzRSUzQyUyRmxpJTNFJTBBJTIwJTA5JTNDbGklM0UlM0NhJTIwdGl0bGUlM0QlMjIlMjIlMjBocmVmJTNEJTIyJTJGbWFycXVlcyUyRm5lY3RhJTJGJTIyJTNFbmVjdGElM0MlMkZhJTNFJTNDJTJGbGklM0UlMEElMjAlMDklM0NsaSUzRSUzQ2ElMjAlMjB0aXRsZSUzRCUyMiUyMiUyMGhyZWYlM0QlMjIlMkZtYXJxdWVzJTJGc2FlY28lMkYlMjIlM0VzYWVjbyUzQyUyRmElM0UlM0MlMkZsaSUzRSUwQSUyMCUwOSUzQ2xpJTNFJTNDYSUyMHRpdGxlJTNEJTIyJTIyJTIwaHJlZiUzRCUyMiUyRm1hcnF1ZXMlMkZtaXN0cmFsJTJGJTIyJTNFbWlzdHJhbCUzQyUyRmElM0UlM0MlMkZsaSUzRSUwQSUyMCUyMCUyMCUyMCUyMCUyMCUyMCUyMCUzQ2xpJTNFJTNDYSUyMHRpdGxlJTNEJTIyJTIyJTIwaHJlZiUzRCUyMiUyRm1hcnF1ZXMlMkZqb2ZlbWFyJTJGJTIyJTNFam9mZW1hciUzQyUyRmElM0UlM0MlMkZsaSUzRSUwQSUyMCUwOSUzQ2xpJTNFJTNDYSUyMHRpdGxlJTNEJTIyJTIyJTIwaHJlZiUzRCUyMiUyRm1hcnF1ZXMlMkZ0ZXJyYW1va2ElMkYlMjIlM0VUZXJyYW1va2ElM0MlMkZhJTNFJTNDJTJGbGklM0UlMEElM0MlMkZ1bCUzRSUwQSUzQyUyRmRpdiUzRSUwQSUzQyUyRnNlY3Rpb24lM0U=[\/vc_raw_html][\/vc_column][\/vc_row][vc_row][vc_column][vc_row_inner][vc_column_inner width=&#8221;1\/4&#8243;][vc_column_text] LAVAZZA BLUE Lavazza blue fait aujourd&#8217;hui partie des plus grandes marques de caf\u00e9 au monde. Fond\u00e9e en 1895 \u00e0 Turin, elle reste le leader incontestable du march\u00e9 italien mais exporte aussi pr\u00e8s de la moiti\u00e9 de sa production&#8230; ce qui permet aujourd&#8217;hui \u00e0 Sovedis de [&hellip;]<\/p>\n","protected":false},"author":1,"featured_media":0,"parent":221,"menu_order":0,"comment_status":"closed","ping_status":"closed","template":"","meta":{"_et_pb_use_builder":"","_et_pb_old_content":"","_et_gb_content_width":"","footnotes":""},"class_list":["post-239","page","type-page","status-publish","hentry"],"_links":{"self":[{"href":"https:\/\/www.sovedis.pro\/index.php\/wp-json\/wp\/v2\/pages\/239","targetHints":{"allow":["GET"]}}],"collection":[{"href":"https:\/\/www.sovedis.pro\/index.php\/wp-json\/wp\/v2\/pages"}],"about":[{"href":"https:\/\/www.sovedis.pro\/index.php\/wp-json\/wp\/v2\/types\/page"}],"author":[{"embeddable":true,"href":"https:\/\/www.sovedis.pro\/index.php\/wp-json\/wp\/v2\/users\/1"}],"replies":[{"embeddable":true,"href":"https:\/\/www.sovedis.pro\/index.php\/wp-json\/wp\/v2\/comments?post=239"}],"version-history":[{"count":0,"href":"https:\/\/www.sovedis.pro\/index.php\/wp-json\/wp\/v2\/pages\/239\/revisions"}],"up":[{"embeddable":true,"href":"https:\/\/www.sovedis.pro\/index.php\/wp-json\/wp\/v2\/pages\/221"}],"wp:attachment":[{"href":"https:\/\/www.sovedis.pro\/index.php\/wp-json\/wp\/v2\/media?parent=239"}],"curies":[{"name":"wp","href":"https:\/\/api.w.org\/{rel}","templated":true}]}}