{"id":978,"date":"2018-09-25T17:09:00","date_gmt":"2018-09-25T17:09:00","guid":{"rendered":"http:\/\/www.sovedis.com\/?page_id=978"},"modified":"2018-09-25T17:09:00","modified_gmt":"2018-09-25T17:09:00","slug":"mistral","status":"publish","type":"page","link":"https:\/\/www.sovedis.pro\/index.php\/mistral\/","title":{"rendered":"MISTRAL"},"content":{"rendered":"<p>[vc_row full_width=&#8221;stretch_row_content_no_spaces&#8221;][vc_column][vc_raw_html css=&#8221;.vc_custom_1544702734158{border-bottom-width: 1px !important;border-bottom-color: #d3d3d3 !important;border-bottom-style: solid !important;}&#8221;]JTNDc2VjdGlvbiUyMGNsYXNzJTNEJTIyc3NtZW51JTIyJTNFJTBBJTNDZGl2JTIwY2xhc3MlM0QlMjJjb250YWluZXIlMjIlM0UlMEElM0N1bCUzRSUwQSUyMCUwOSUzQ2xpJTNFJTNDYSUyMHRpdGxlJTNEJTIyJTIyJTIwaHJlZiUzRCUyMiUyRm1hcnF1ZXMlMkZsYXZhenphLWJsdWUlMkYlMjIlM0VMYXZhenphJTIwYmx1ZSUzQyUyRmElM0UlM0MlMkZsaSUzRSUwQSUyMCUwOSUzQ2xpJTNFJTNDYSUyMHRpdGxlJTNEJTIyJTIyJTIwaHJlZiUzRCUyMiUyRm1hcnF1ZXMlMkZuZWN0YSUyRiUyMiUzRW5lY3RhJTNDJTJGYSUzRSUzQyUyRmxpJTNFJTBBJTIwJTA5JTNDbGklM0UlM0NhJTIwJTIwdGl0bGUlM0QlMjIlMjIlMjBocmVmJTNEJTIyJTJGbWFycXVlcyUyRnNhZWNvJTJGJTIyJTNFc2FlY28lM0MlMkZhJTNFJTNDJTJGbGklM0UlMEElMjAlMDklM0NsaSUzRSUzQ2ElMjBjbGFzcyUzRCUyMmFjdGl2ZSUyMiUyMHRpdGxlJTNEJTIyJTIyJTIwaHJlZiUzRCUyMiUyRm1hcnF1ZXMlMkZtaXN0cmFsJTJGJTIyJTNFbWlzdHJhbCUzQyUyRmElM0UlM0MlMkZsaSUzRSUwQSUyMCUyMCUyMCUyMCUyMCUyMCUyMCUyMCUzQ2xpJTNFJTNDYSUyMHRpdGxlJTNEJTIyJTIyJTIwaHJlZiUzRCUyMiUyRm1hcnF1ZXMlMkZqb2ZlbWFyJTJGJTIyJTNFam9mZW1hciUzQyUyRmElM0UlM0MlMkZsaSUzRSUwQSUyMCUwOSUzQ2xpJTNFJTNDYSUyMHRpdGxlJTNEJTIyJTIyJTIwaHJlZiUzRCUyMiUyRm1hcnF1ZXMlMkZ0ZXJyYW1va2ElMkYlMjIlM0VUZXJyYW1va2ElM0MlMkZhJTNFJTNDJTJGbGklM0UlMEElM0MlMkZ1bCUzRSUwQSUzQyUyRmRpdiUzRSUwQSUzQyUyRnNlY3Rpb24lM0U=[\/vc_raw_html][\/vc_column][\/vc_row][vc_row][vc_column][vc_row_inner][vc_column_inner width=&#8221;1\/2&#8243;][vc_column_text]<\/p>\n<h1 style=\"text-align: left; font-size: 50px;\">MISTRAL<\/h1>\n<p>Pr\u00e9curseur sur le march\u00e9 de la fontaine \u00e0 eau, le <strong>groupe Mistra<\/strong>l est le premier constructeur fran\u00e7ais de fontaine \u00e0 eau, aussi bien pour la fontaine branch\u00e9e sur le r\u00e9seau que le refroidisseur grande capacit\u00e9. <strong>Mistral Constructeur<\/strong> devient un leader europ\u00e9en de la fabrication de fontaines a eau.<\/p>\n<p>Fontaines r\u00e9seau, refroidisseurs, toute la gamme porte en elle les fruits d&#8217;une passion et d&#8217;une force d&#8217;innovation : Innover c&#8217;est simplifier ! Pour atteindre des conditions optimales d&#8217;hygi\u00e8ne et de s\u00e9curit\u00e9 sur son site \u00e0 Evry (91-Essonne) et sur ses fontaines d&#8217;eau, <strong>Mistral Constructeur<\/strong> con\u00e7oit et fabrique ses mod\u00e8les de fontaines r\u00c9seau, refroidisseurs d&#8217;eau. L&#8217;entreprise poss\u00e8de un contr\u00f4le absolu sur la qualit\u00e9 des ses machines produites et assure ainsi sa notori\u00e9t\u00e9 au travers de produits fiables et performants.[\/vc_column_text][vc_column_text]<\/p>\n<div class=\"demande-devis\"><a title=\"Demandez un devis\" href=\"\/contact\/\">Demandez<br \/>\nun devis<\/a><\/div>\n<p>[\/vc_column_text][\/vc_column_inner][vc_column_inner width=&#8221;1\/2&#8243;][vc_basic_grid post_type=&#8221;page&#8221; max_items=&#8221;10&#8243; element_width=&#8221;6&#8243; grid_id=&#8221;vc_gid:1544702727040-ce230ca9-247f-4&#8243; taxonomies=&#8221;90&#8243;][\/vc_column_inner][\/vc_row_inner][\/vc_column][\/vc_row][vc_row full_width=&#8221;stretch_row_content_no_spaces&#8221; content_placement=&#8221;top&#8221; css=&#8221;.vc_custom_1537959550111{padding-right: 3% !important;padding-bottom: 0% !important;padding-left: 5% !important;background-color: #e0e0e0 !important;}&#8221;][vc_column][vc_row_inner content_placement=&#8221;top&#8221; css=&#8221;.vc_custom_1536853698790{margin-top: 0px !important;padding-top: 0px !important;}&#8221;][vc_column_inner width=&#8221;1\/6&#8243;][vc_column_text css=&#8221;.vc_custom_1537960189687{margin-right: 0px !important;padding-right: 10px !important;}&#8221; el_class=&#8221;5bonnes&#8221;]<\/p>\n<div style=\"font-family: PT Sans Narrow; font-size: 1.6em; font-weight: 600; color: #425059 !important; line-height: 110% !important; text-align: right;\">5 BONNES RAISONS DE COMMANDER<\/div>\n<p>[\/vc_column_text][\/vc_column_inner][vc_column_inner width=&#8221;1\/6&#8243;][vc_column_text css=&#8221;.vc_custom_1537960157955{border-right-width: 1px !important;padding-top: 2% !important;border-right-color: #425059 !important;border-right-style: solid !important;}&#8221;]<\/p>\n<div style=\"text-align: center; font-family: PT Sans Narrow; font-size: 1.2em; font-weight: 600;\">GESTIONNAIRE DEPUIS<br \/>\n<span style=\"font-size: 2.5em; line-height: 120%;\">1981<\/span><\/div>\n<p>[\/vc_column_text][\/vc_column_inner][vc_column_inner width=&#8221;1\/6&#8243;][vc_column_text css=&#8221;.vc_custom_1537947451683{border-right-width: 1px !important;padding-top: 2% !important;border-right-color: #425059 !important;border-right-style: solid !important;}&#8221;]<\/p>\n<div style=\"text-align: center; font-family: PT Sans Narrow; font-size: 1.2em; font-weight: 600;\">LIVRAISON SOUS<br \/>\n<span style=\"font-size: 2.5em; line-height: 120%;\">24h<\/span><\/div>\n<p>[\/vc_column_text][\/vc_column_inner][vc_column_inner width=&#8221;1\/6&#8243;][vc_column_text css=&#8221;.vc_custom_1537947460018{border-right-width: 1px !important;padding-top: 2% !important;border-right-color: #425059 !important;border-right-style: solid !important;}&#8221;]<\/p>\n<div style=\"text-align: center; font-family: PT Sans Narrow; font-size: 1.2em; font-weight: 600;\">D\u00c9PANNAGE SOUS<br \/>\n<span style=\"font-size: 2.5em; line-height: 120%;\">24h<\/span><\/div>\n<p>[\/vc_column_text][\/vc_column_inner][vc_column_inner width=&#8221;1\/6&#8243;][vc_column_text css=&#8221;.vc_custom_1537947473197{border-right-width: 1px !important;padding-top: 2% !important;border-right-color: #425059 !important;border-right-style: solid !important;}&#8221;]<\/p>\n<div style=\"text-align: center; font-family: PT Sans Narrow; font-size: 1.2em; font-weight: 600;\">INSTALLATION<br \/>\n<span style=\"font-size: 2.5em; line-height: 120%;\">Gratuite<\/span><\/div>\n<p>[\/vc_column_text][\/vc_column_inner][vc_column_inner width=&#8221;1\/6&#8243;][vc_column_text css=&#8221;.vc_custom_1537947482979{padding-top: 2% !important;}&#8221;]<\/p>\n<div style=\"text-align: center; font-family: PT Sans Narrow; font-size: 1.2em; font-weight: 600;\">FORMATION<br \/>\n<span style=\"font-size: 2.5em; line-height: 120%;\">Offerte<\/span><\/div>\n<p>[\/vc_column_text][\/vc_column_inner][\/vc_row_inner][\/vc_column][\/vc_row]<\/p>\n","protected":false},"excerpt":{"rendered":"<p>[vc_row full_width=&#8221;stretch_row_content_no_spaces&#8221;][vc_column][vc_raw_html css=&#8221;.vc_custom_1544702734158{border-bottom-width: 1px !important;border-bottom-color: #d3d3d3 !important;border-bottom-style: solid !important;}&#8221;]JTNDc2VjdGlvbiUyMGNsYXNzJTNEJTIyc3NtZW51JTIyJTNFJTBBJTNDZGl2JTIwY2xhc3MlM0QlMjJjb250YWluZXIlMjIlM0UlMEElM0N1bCUzRSUwQSUyMCUwOSUzQ2xpJTNFJTNDYSUyMHRpdGxlJTNEJTIyJTIyJTIwaHJlZiUzRCUyMiUyRm1hcnF1ZXMlMkZsYXZhenphLWJsdWUlMkYlMjIlM0VMYXZhenphJTIwYmx1ZSUzQyUyRmElM0UlM0MlMkZsaSUzRSUwQSUyMCUwOSUzQ2xpJTNFJTNDYSUyMHRpdGxlJTNEJTIyJTIyJTIwaHJlZiUzRCUyMiUyRm1hcnF1ZXMlMkZuZWN0YSUyRiUyMiUzRW5lY3RhJTNDJTJGYSUzRSUzQyUyRmxpJTNFJTBBJTIwJTA5JTNDbGklM0UlM0NhJTIwJTIwdGl0bGUlM0QlMjIlMjIlMjBocmVmJTNEJTIyJTJGbWFycXVlcyUyRnNhZWNvJTJGJTIyJTNFc2FlY28lM0MlMkZhJTNFJTNDJTJGbGklM0UlMEElMjAlMDklM0NsaSUzRSUzQ2ElMjBjbGFzcyUzRCUyMmFjdGl2ZSUyMiUyMHRpdGxlJTNEJTIyJTIyJTIwaHJlZiUzRCUyMiUyRm1hcnF1ZXMlMkZtaXN0cmFsJTJGJTIyJTNFbWlzdHJhbCUzQyUyRmElM0UlM0MlMkZsaSUzRSUwQSUyMCUyMCUyMCUyMCUyMCUyMCUyMCUyMCUzQ2xpJTNFJTNDYSUyMHRpdGxlJTNEJTIyJTIyJTIwaHJlZiUzRCUyMiUyRm1hcnF1ZXMlMkZqb2ZlbWFyJTJGJTIyJTNFam9mZW1hciUzQyUyRmElM0UlM0MlMkZsaSUzRSUwQSUyMCUwOSUzQ2xpJTNFJTNDYSUyMHRpdGxlJTNEJTIyJTIyJTIwaHJlZiUzRCUyMiUyRm1hcnF1ZXMlMkZ0ZXJyYW1va2ElMkYlMjIlM0VUZXJyYW1va2ElM0MlMkZhJTNFJTNDJTJGbGklM0UlMEElM0MlMkZ1bCUzRSUwQSUzQyUyRmRpdiUzRSUwQSUzQyUyRnNlY3Rpb24lM0U=[\/vc_raw_html][\/vc_column][\/vc_row][vc_row][vc_column][vc_row_inner][vc_column_inner width=&#8221;1\/2&#8243;][vc_column_text] MISTRAL Pr\u00e9curseur sur le march\u00e9 de la fontaine \u00e0 eau, le groupe Mistral est le premier constructeur fran\u00e7ais de fontaine \u00e0 eau, aussi bien pour la fontaine branch\u00e9e sur le r\u00e9seau que le refroidisseur grande capacit\u00e9. Mistral Constructeur devient un leader europ\u00e9en de la fabrication [&hellip;]<\/p>\n","protected":false},"author":1,"featured_media":0,"parent":0,"menu_order":0,"comment_status":"closed","ping_status":"closed","template":"","meta":{"_et_pb_use_builder":"","_et_pb_old_content":"","_et_gb_content_width":"","footnotes":""},"class_list":["post-978","page","type-page","status-publish","hentry"],"_links":{"self":[{"href":"https:\/\/www.sovedis.pro\/index.php\/wp-json\/wp\/v2\/pages\/978","targetHints":{"allow":["GET"]}}],"collection":[{"href":"https:\/\/www.sovedis.pro\/index.php\/wp-json\/wp\/v2\/pages"}],"about":[{"href":"https:\/\/www.sovedis.pro\/index.php\/wp-json\/wp\/v2\/types\/page"}],"author":[{"embeddable":true,"href":"https:\/\/www.sovedis.pro\/index.php\/wp-json\/wp\/v2\/users\/1"}],"replies":[{"embeddable":true,"href":"https:\/\/www.sovedis.pro\/index.php\/wp-json\/wp\/v2\/comments?post=978"}],"version-history":[{"count":0,"href":"https:\/\/www.sovedis.pro\/index.php\/wp-json\/wp\/v2\/pages\/978\/revisions"}],"wp:attachment":[{"href":"https:\/\/www.sovedis.pro\/index.php\/wp-json\/wp\/v2\/media?parent=978"}],"curies":[{"name":"wp","href":"https:\/\/api.w.org\/{rel}","templated":true}]}}