{"id":10319,"date":"2020-01-15T15:37:50","date_gmt":"2020-01-15T15:37:50","guid":{"rendered":"https:\/\/www.sovedis.com\/?post_type=product&amp;p=10319"},"modified":"2020-01-15T15:37:50","modified_gmt":"2020-01-15T15:37:50","slug":"decaffeinato-copie","status":"publish","type":"product","link":"https:\/\/www.sovedis.pro\/index.php\/produit\/decaffeinato-copie\/","title":{"rendered":"VOIX DE LA TERRE issu du d\u00e9veloppement durable"},"content":{"rendered":"<p>[vc_row][vc_column][vc_column_text]Promesse\u00a0: un m\u00e9lange Premium de caf\u00e9s 100% Arabica lav\u00e9s avec une saveur douce et aromatique, une cr\u00e8me \u00e9paisse et onctueuse.<br \/>\nDescription\u00a0: un excellent caf\u00e9 100% Arabica cr\u00e9\u00e9 exclusivement avec des caf\u00e9s verts issus de 3 communaut\u00e9s de cultivateurs en Honduras, au P\u00e9rou et en Colombie.<br \/>\nR\u00e9sultat en tasse\u00a0: un m\u00e9lange fin et d\u00e9licat. Le r\u00e9sultat est un espresso caract\u00e9ris\u00e9 par des notes parfum\u00e9es et une douceur fleurie.<br \/>\nTorr\u00e9faction\u00a0: Moyenne<br \/>\nCaract\u00e9ristique\u00a0: Ar\u00f4me fleuri \u00e0 la douceur prononc\u00e9e<br \/>\nAr\u00f4me et saveur\u00a0: Tr\u00e8s parfum\u00e9, acidit\u00e9 l\u00e9g\u00e8rement fruit\u00e9e, saveur douce et d\u00e9licate<\/p>\n<p>Conditionnement : <strong>bo\u00eete de 100 capsules<\/strong>.<br \/>\nChaque capsule contient 8 et 9 g de caf\u00e9[\/vc_column_text][\/vc_column][\/vc_row]<\/p>\n","protected":false},"excerpt":{"rendered":"<p>40% Arabica et 60% Robusta.<\/p>\n<p>Conditionnement : <strong>bo\u00eete de 100 capsules<\/strong>.<\/p>\n","protected":false},"featured_media":10322,"comment_status":"closed","ping_status":"closed","template":"","meta":{"_et_pb_use_builder":"","_et_pb_old_content":"","_et_gb_content_width":""},"product_cat":[97,85],"product_tag":[79],"class_list":["post-10319","product","type-product","status-publish","has-post-thumbnail","hentry","product_cat-100-arabica","product_cat-capsules-lavazza-blue-2","product_tag-100-arabica","product_shipping_class-cl-fr"],"_links":{"self":[{"href":"https:\/\/www.sovedis.pro\/index.php\/wp-json\/wp\/v2\/product\/10319","targetHints":{"allow":["GET"]}}],"collection":[{"href":"https:\/\/www.sovedis.pro\/index.php\/wp-json\/wp\/v2\/product"}],"about":[{"href":"https:\/\/www.sovedis.pro\/index.php\/wp-json\/wp\/v2\/types\/product"}],"replies":[{"embeddable":true,"href":"https:\/\/www.sovedis.pro\/index.php\/wp-json\/wp\/v2\/comments?post=10319"}],"wp:featuredmedia":[{"embeddable":true,"href":"https:\/\/www.sovedis.pro\/index.php\/wp-json\/wp\/v2\/media\/10322"}],"wp:attachment":[{"href":"https:\/\/www.sovedis.pro\/index.php\/wp-json\/wp\/v2\/media?parent=10319"}],"wp:term":[{"taxonomy":"product_cat","embeddable":true,"href":"https:\/\/www.sovedis.pro\/index.php\/wp-json\/wp\/v2\/product_cat?post=10319"},{"taxonomy":"product_tag","embeddable":true,"href":"https:\/\/www.sovedis.pro\/index.php\/wp-json\/wp\/v2\/product_tag?post=10319"}],"curies":[{"name":"wp","href":"https:\/\/api.w.org\/{rel}","templated":true}]}}