{"id":10323,"date":"2020-01-15T15:51:27","date_gmt":"2020-01-15T15:51:27","guid":{"rendered":"https:\/\/www.sovedis.com\/?post_type=product&amp;p=10323"},"modified":"2020-01-15T15:51:27","modified_gmt":"2020-01-15T15:51:27","slug":"preparation-a-base-de-lait","status":"publish","type":"product","link":"https:\/\/www.sovedis.pro\/index.php\/produit\/preparation-a-base-de-lait\/","title":{"rendered":"PR\u00c9PARATION \u00c0 BASE DE LAIT"},"content":{"rendered":"<p>[vc_row][vc_column][vc_column_text]<strong>Promesse\u00a0:<\/strong> une boisson d\u00e9licieuse \u00e0 la saveur de lait, \u00e0 la fois d\u00e9licate et riche.<br \/>\n<strong>Description\u00a0:<\/strong> M\u00e9lange de poudre sucr\u00e9e \u00e0 la saveur lact\u00e9e.<br \/>\n<strong>Moment de consommation\u00a0:<\/strong> id\u00e9al pour pr\u00e9parer une boisson chocolat\u00e9e, un caff\u00e8 macchiato ou un th\u00e9 au lait.<\/p>\n<p>Conditionnement : <strong>bo\u00eete de 50 capsules<\/strong>.[\/vc_column_text][\/vc_column][\/vc_row]<\/p>\n","protected":false},"excerpt":{"rendered":"<p>M\u00e9lange de poudre sucr\u00e9e \u00e0 la saveur lact\u00e9e.<\/p>\n<p>Conditionnement : <strong>bo\u00eete de 50 capsules<\/strong>.<\/p>\n","protected":false},"featured_media":10326,"comment_status":"closed","ping_status":"closed","template":"","meta":{"_et_pb_use_builder":"","_et_pb_old_content":"","_et_gb_content_width":""},"product_cat":[98,85],"product_tag":[81],"class_list":["post-10323","product","type-product","status-publish","has-post-thumbnail","hentry","product_cat-autres-boissons","product_cat-capsules-lavazza-blue-2","product_tag-autres-boissons","product_shipping_class-cl-fr"],"_links":{"self":[{"href":"https:\/\/www.sovedis.pro\/index.php\/wp-json\/wp\/v2\/product\/10323","targetHints":{"allow":["GET"]}}],"collection":[{"href":"https:\/\/www.sovedis.pro\/index.php\/wp-json\/wp\/v2\/product"}],"about":[{"href":"https:\/\/www.sovedis.pro\/index.php\/wp-json\/wp\/v2\/types\/product"}],"replies":[{"embeddable":true,"href":"https:\/\/www.sovedis.pro\/index.php\/wp-json\/wp\/v2\/comments?post=10323"}],"wp:featuredmedia":[{"embeddable":true,"href":"https:\/\/www.sovedis.pro\/index.php\/wp-json\/wp\/v2\/media\/10326"}],"wp:attachment":[{"href":"https:\/\/www.sovedis.pro\/index.php\/wp-json\/wp\/v2\/media?parent=10323"}],"wp:term":[{"taxonomy":"product_cat","embeddable":true,"href":"https:\/\/www.sovedis.pro\/index.php\/wp-json\/wp\/v2\/product_cat?post=10323"},{"taxonomy":"product_tag","embeddable":true,"href":"https:\/\/www.sovedis.pro\/index.php\/wp-json\/wp\/v2\/product_tag?post=10323"}],"curies":[{"name":"wp","href":"https:\/\/api.w.org\/{rel}","templated":true}]}}