{"id":10404,"date":"2020-01-16T15:15:29","date_gmt":"2020-01-16T15:15:29","guid":{"rendered":"https:\/\/www.sovedis.com\/?post_type=product&amp;p=10404"},"modified":"2020-01-16T15:15:29","modified_gmt":"2020-01-16T15:15:29","slug":"the-au-citron","status":"publish","type":"product","link":"https:\/\/www.sovedis.pro\/index.php\/produit\/the-au-citron\/","title":{"rendered":"TH\u00c9 AU CITRON"},"content":{"rendered":"<p>[vc_row][vc_column][vc_column_text]<strong>Promesse :<\/strong> Th\u00e9 rafra\u00eechissant, d\u00e9licat, rond et agr\u00e9ablement acidul\u00e9.<br \/>\n<strong>Description :<\/strong> M\u00e9lange instantan\u00e9 de th\u00e9s noirs Premium, adoucis avec du sucre et aromatis\u00e9 citron.<br \/>\n<strong>Moment de consommation :<\/strong> parfait tout au long de la journ\u00e9e, du petit d\u00e9jeuner \u00e0 la pause de l\u2019apr\u00e8s-midi, ce th\u00e9 apaise la soif et rafra\u00eechit.<\/p>\n<p>Conditionnement : <strong>bo\u00eete de 50 capsules<\/strong>.[\/vc_column_text][\/vc_column][\/vc_row]<\/p>\n","protected":false},"excerpt":{"rendered":"<p>M\u00e9lange instantan\u00e9 de th\u00e9s noirs Premium, adoucis avec du sucre et aromatis\u00e9 citron.<\/p>\n<p>Conditionnement : <strong>bo\u00eete de 50 capsules<\/strong>.<\/p>\n","protected":false},"featured_media":10407,"comment_status":"closed","ping_status":"closed","template":"","meta":{"_et_pb_use_builder":"","_et_pb_old_content":"","_et_gb_content_width":""},"product_cat":[89,96],"product_tag":[90],"class_list":["post-10404","product","type-product","status-publish","has-post-thumbnail","hentry","product_cat-lavazza-espresso-point","product_cat-thes-lavazza-espresso-point","product_tag-lavazza-espresso-point","product_shipping_class-cl-fr"],"_links":{"self":[{"href":"https:\/\/www.sovedis.pro\/index.php\/wp-json\/wp\/v2\/product\/10404","targetHints":{"allow":["GET"]}}],"collection":[{"href":"https:\/\/www.sovedis.pro\/index.php\/wp-json\/wp\/v2\/product"}],"about":[{"href":"https:\/\/www.sovedis.pro\/index.php\/wp-json\/wp\/v2\/types\/product"}],"replies":[{"embeddable":true,"href":"https:\/\/www.sovedis.pro\/index.php\/wp-json\/wp\/v2\/comments?post=10404"}],"wp:featuredmedia":[{"embeddable":true,"href":"https:\/\/www.sovedis.pro\/index.php\/wp-json\/wp\/v2\/media\/10407"}],"wp:attachment":[{"href":"https:\/\/www.sovedis.pro\/index.php\/wp-json\/wp\/v2\/media?parent=10404"}],"wp:term":[{"taxonomy":"product_cat","embeddable":true,"href":"https:\/\/www.sovedis.pro\/index.php\/wp-json\/wp\/v2\/product_cat?post=10404"},{"taxonomy":"product_tag","embeddable":true,"href":"https:\/\/www.sovedis.pro\/index.php\/wp-json\/wp\/v2\/product_tag?post=10404"}],"curies":[{"name":"wp","href":"https:\/\/api.w.org\/{rel}","templated":true}]}}